/x*-136*(-12)/8?
2, 3, 17
Let u = 47820 - 33095. List the prime factors of u.
5, 19, 31
Let r be 2/(-11) - ((-4)/(-22))/(-1). Let t be (12/(-10))/(r + 12/(-100)). What are the prime factors of 0 - 2215/(-25) - (-4)/t?
89
Let r be 5754/28 + 1/2. Suppose m + 3*l = 336 + r, 3*m - 1642 = -5*l. List the prime factors of m.
2, 277
Let m(a) = a**3 - 8*a**2 - 13*a + 11. Let q be m(9). Let s = q - -149. Let v = 209 - s. List the prime factors of v.
5, 17
Let b(s) = -2*s**2 - 10*s + 12. Let w be b(0). Suppose 5*r - 2*d = -757 + 9940, 0 = 3*d + w. What are the prime factors of r?
5, 367
Suppose 0 = 5*u - 7*z - 53821, -4*z = 30 - 18. What are the prime factors of u?
2, 5, 269
Suppose -21 = -2*u + 4*n - 9*n, 3*n = 4*u - 3. Let w(p) = 5*p + u*p - 7*p + 14. What are the prime factors of w(-7)?
7
Let u(p) = p + 32. Let b be u(-35). Let z(r) = 6*r**2 - 3*r - 10. List the prime factors of z(b).
53
Let k(p) = p**3 + p**2 - 5*p - 5. Let f(t) = -t**3 + 3*t**2 - 3*t + 5. Let x be f(3). Let i be k(x). Let w = i + 102. What are the prime factors of w?
3, 23
Let v be 4/(-5) - (-170742)/165. Let c = v + -564. List the prime factors of c.
2, 5, 47
Let z = -219 + 2184. What are the prime factors of z?
3, 5, 131
Let j(p) = -26*p**2 + 3*p + 111*p**2 - 1 + 24*p**2 - p. Let d be j(1). List the prime factors of (d/(-6) - -3)*2*-6.
2, 23
Suppose -9*a + 2*a = 49. Let t(p) = p**2 + 8*p + 37. What are the prime factors of t(a)?
2, 3, 5
Suppose -5*h = -25, 11*h - 10*h = k + 6. What are the prime factors of 1143 + -4*(k + 2)?
17, 67
Suppose 3*g + 4*k + 104 = 0, -k = 3 + 2. List the prime factors of 618/4*g/(-21).
2, 103
Suppose 139 - 969 = -5*u. Suppose 4*g - u = 938. Suppose -3*z = -0*z - g. List the prime factors of z.
2, 23
Suppose -2*w + 1786 = 188. Let h = -610 + w. List the prime factors of h.
3, 7
Suppose -15 = -3*j - 6. Suppose -3*n + 151 = 5*f, -4*n - 119 + 11 = -4*f. Suppose -s + 23 = s + j*o, -f = -3*s + o. What are the prime factors of s?
2, 5
Suppose -18*s + 25*s = -14. What are the prime factors of ((-13)/((-130)/2060))/(s/(-4))?
2, 103
Let s = 34233 + -21301. What are the prime factors of s?
2, 53, 61
What are the prime factors of (-2212221)/(-154) - -10 - (-3)/(-42)?
5, 23
Let q(c) = -c**3 + c + 1776. Let g be q(0). Suppose g = 6*a - a - 4*y, y = -4. List the prime factors of a.
2, 11
Suppose -c + 182 = 4*h + c, -h = -4*c - 50. Suppose q - 2*q - 28 = -4*t, -h = -5*t + 4*q. Suppose -2*w - t*w + 504 = 0. List the prime factors of w.
3, 7
Suppose -2*k - 14 = -4*t, 2*k + 2*t + 2*t = 26. Suppose -4*q = -3*g + 2*g - 2, -k*q = -3. Suppose 87 = g*u + 23. What are the prime factors of u?
2
Suppose 148*z = 164*z - 214848. What are the prime factors of z?
2, 3, 373
Suppose 0 = -3*t + 5*m + 76491, -101993 = 13*t - 17*t + 5*m. List the prime factors of t.
2, 41, 311
Suppose 5*q = -2*l - 6445, 3*q - 4*l + 1667 = -2226. Let a = -887 - q. Suppose 5*r = 9*r - a. What are the prime factors of r?
101
Let l be 2*(1 - 3) - (-5930)/10. Suppose -15*b + 3101 + l = 0. List the prime factors of b.
2, 3, 41
Let k = -6556 - -7123. What are the prime factors of k?
3, 7
Suppose -5*l + 766*g + 231339 = 770*g, -5*g - 46262 = -l. What are the prime factors of l?
13, 3559
Let s(m) = 2780*m**2 + 7*m + 5. List the prime factors of s(1).
2, 349
Let u(l) = 100*l**3 + 6*l**2 - 38*l - 6. What are the prime factors of u(5)?
2, 13, 479
Let p be -1 + 14 + -11 + 7. List the prime factors of 2*(-1)/p - 13944/(-54).
2, 3, 43
Let p = -135 + 140. Suppose -23*i + p*i = -6030. What are the prime factors of i?
5, 67
Suppose 8*d = 4*d - 4*w + 135900, 2*d - w - 67956 = 0. What are the prime factors of d?
61, 557
Let i(s) = 25*s + 1. Let n be i(1). Let c(a) = -n*a - 6 + 7 + 4 + 11*a. What are the prime factors of c(-7)?
2, 5, 11
Let x(m) = 4*m**2 + 28*m + 2. Let r be x(-7). Suppose -2*o - r*o = -o. Suppose -5*u - 1002 = 2*a - 6*a, -a + 3*u + 247 = o. List the prime factors of a.
11, 23
Let b = 30555 + -20529. List the prime factors of b.
2, 3, 557
Let q = -6507 - -12891. List the prime factors of q.
2, 3, 7, 19
Suppose 87*a - 4653 = 98*a. Let v = 755 + a. List the prime factors of v.
2, 83
Suppose p + 4585 = 7192. What are the prime factors of p?
3, 11, 79
Let v(k) be the first derivative of -k**3/3 - 27*k**2/2 + 32*k - 90. List the prime factors of v(-16).
2, 13
Let m = 4463 + 33190. What are the prime factors of m?
3, 7, 11, 163
Suppose 762*t - 757*t = -2*z + 90171, -5*t + 135239 = 3*z. List the prime factors of z.
2, 19, 593
Suppose -27*p + 31*p = 16. Let l be -58*(p + -3)*(-75)/2. Suppose 1470 = 15*k - l. List the prime factors of k.
3
Suppose -588 = 9*f - 2*f. Suppose 0 = -2*n - 3*n + 105. Let t = n - f. List the prime factors of t.
3, 5, 7
List the prime factors of -2 + 1 - (-2 - -150)*(-3843)/84.
2, 5, 677
Suppose 0 = 4*x - 14 + 2. Suppose 288 = a + x*n, -2*n + 1167 - 55 = 4*a. What are the prime factors of a?
2, 3, 23
Let o(m) = 598*m**2 - 63*m - 263. What are the prime factors of o(-4)?
19, 503
Let y(x) = -1536*x - 69. Let a be y(-7). Suppose 9*n + 1368 = a. What are the prime factors of n?
3, 5, 23
Let q be 18/90 + 2/(-10). Suppose 4*l + 8 = 2*y - y, 5*l = q. List the prime factors of y.
2
Suppose -17*j + 204 - 49 + 134 = 0. Let k = 152 - 47. Let m = k - j. List the prime factors of m.
2, 11
Let f(u) = 14*u**2 + 58*u - 10. Let v(l) = -5*l**2 - 19*l + 3. Let n(t) = 4*f(t) + 11*v(t). What are the prime factors of n(19)?
7, 113
Suppose -61904 = -289*x + 281*x. List the prime factors of x.
2, 53, 73
Let j = -110 - -228. Suppose -j - 30 = -2*h. List the prime factors of h.
2, 37
Let m be 2/7 - (6 - 366/42). Suppose -m*f = -9*f + 1362. What are the prime factors of f?
227
What are the prime factors of -77*111/1*264/(-396)?
2, 7, 11, 37
Let r be (-2)/(-4) - (-41)/2. Let c(d) = -1. Let q(y) = -y - 21. Let o(s) = -4*c(s) - 2*q(s). What are the prime factors of o(r)?
2, 11
Suppose -w - 374 = -3*g - 2*w, -2*g - 2*w = -256. Let v = g - -51. List the prime factors of v.
2, 3, 29
List the prime factors of (-51)/(-85) - 528508/(-20).
2, 73, 181
Let b = -65 - -64. Let o be (36/(-21))/(b/42). Suppose 3*l = 2*a - 514, 0 = -5*a - 2*l + o + 1251. List the prime factors of a.
263
Suppose 18 + 2 = 5*x. Suppose 1975 = 5*z + 3*o - 432, -2*o = -x*z + 1908. What are the prime factors of z?
479
Let v = -25446 - -43421. What are the prime factors of v?
5, 719
Let w(y) = 220*y - 22. Let x be w(-2). Let i = -258 - x. List the prime factors of i.
2, 3, 17
Suppose -25*a - 21*a = -1161730. What are the prime factors of (3/4)/(a/(-8420) - -3)?
3, 421
Let c be (-24)/40*-5 - (5 + -2). Suppose c = -y - 4*l + 555, 10*y - 15*y - l + 2794 = 0. List the prime factors of y.
13, 43
Suppose -2*f + f + 5*b = -670, -2*f + 1314 = 3*b. Suppose 7*n - 4*n - f = 0. List the prime factors of n.
2, 5, 11
List the prime factors of ((-10)/(-15) + 13/(-15))/(57/(-1046805)).
3673
Let a = 8485 + -8296. Let v(n) = -42*n - 8. Let w be v(-7). Let d = w - a. List the prime factors of d.
97
Suppose 59*a - 1488 = 53*a. Let d = 462 - a. What are the prime factors of d?
2, 107
Suppose 0 = -73*a - 83*a + 4708080. List the prime factors of a.
2, 3, 5, 503
Let y(t) = -t**2 + t - 5. Let c be y(0). Let m(x) = -110 - 13*x + 78 + 39. What are the prime factors of m(c)?
2, 3
Let j = 41259 - 193. List the prime factors of j.
2, 20533
Suppose 120224 = 54*x - 38*x. List the prime factors of x.
2, 13, 17
Let o be 60/(-8) + 7 + 3/6. What are the prime factors of -1 + o - ((-24 - -2) + 1)?
2, 5
Let y = -93198 + 165236. List the prime factors of y.
2, 181, 199
Let l(x) be the third derivative of x**7/1680 - 7*x**6/360 + x**5/20 + 20*x**2. Let q(y) be the third derivative of l(y). List the prime factors of q(15).
31
Suppose -k + 50 = 32. What are the prime factors of ((-142)/(-2))/(k/8 + -2)?
2, 71
Let i(m) = -m - 11*m - 654 + 738. What are the prime factors of i(-15)?
2, 3, 11
Suppose -11*r + 471145 - 138637 = 22*r. What are the prime factors of r?
2, 11, 229
Let i(b) = -618*b - 17. Let k(v) = 309*v + 10. Let r(t) = -6*i(t) - 10*k(t). List the prime factors of r(1).
2, 5, 31
Let j(p) = -p - 4. Let n be j(-5). Suppose 3*d - 2*d - n = 0. What are the prime factors of 62 + 3 + (-1 - d)?
3, 7
Let w be 14/1*10/7. Suppose 0 = 4*o - o + 2*v + 14, 5*v + w = 0. What are the prime factors of 4